?
2, 3
Suppose -2*a + 40 = 3*a. Suppose -4 = -i - 0*i, 2*p + 4*i - a = 0. Let g(u) = -3*u + 3. List the prime factors of g(p).
3, 5
Suppose -5*f - 20 = 0, 2*i + 2*i - 4*f = 32. Suppose q + 4*q = -i*p + 35, 0 = 5*q - 3*p - 70. List the prime factors of q.
11
What are the prime factors of (-1)/(-6) + (-3417)/(-18)?
2, 5, 19
Suppose 5*s - 2*t - 75 = 14, -3*t = -2*s + 29. What are the prime factors of s?
19
Let v be 52/(-1)*2/(-4). Suppose 56 = -4*k - 8. Let u = k + v. List the prime factors of u.
2, 5
Suppose 0 = -5*u + 456 - 96. List the prime factors of u.
2, 3
Suppose 32 + 43 = 3*q + 3*y, -2*q = 5*y - 47. What are the prime factors of q?
2, 13
Suppose -t + 10 - 2 = 0. Let r = -4 + t. List the prime factors of r.
2
Let h be 6/4*64/3. Suppose 4*i = h + 8. Suppose -5*q - i + 65 = 0. What are the prime factors of q?
11
Let f(w) = -w**3 - 5*w**2 - 2*w + 3. Let g be f(-3). Let d be 2/g + 4/18. List the prime factors of (d - 3) + 70/5.
11
What are the prime factors of 16/(-42)*3*-7?
2
What are the prime factors of ((-108)/(-21))/(2/14)?
2, 3
Let t(j) = -6*j**2 + 9*j + 10. Let n(h) = 7*h**2 - 10*h - 11. Let l(v) = -5*n(v) - 6*t(v). What are the prime factors of l(-4)?
3
Let w = 290 - 161. What are the prime factors of w?
3, 43
Let n(d) = -d**3 + 8*d**2 - 8*d - 3. Let i = -12 - -18. List the prime factors of n(i).
3, 7
Let v = 11 + -8. Suppose 2*f + g - 3 = 0, -f + v = -4*g - 3. Suppose -f*w + 20 = -6. List the prime factors of w.
13
Let n = 30 + 48. What are the prime factors of n?
2, 3, 13
Suppose 17*o = 14*o. Suppose 0 = -5*n - 15, -2*t + o*n + 11 = n. List the prime factors of t.
7
Let y = -25 - -7. Let n be 2/6 + (-22)/3. Let u = n - y. What are the prime factors of u?
11
Let h = 96 + -61. What are the prime factors of h?
5, 7
Let l(k) = k**2 + k - 5. Let v be l(0). Let a = v - -14. Suppose 2*j + j = a. What are the prime factors of j?
3
Suppose 5*b + 5*c = -45, -2*b - 21 = b + 5*c. Let p = -8 - b. What are the prime factors of ((-2)/p)/((-2)/48)?
2, 3
Let j = 146 - 100. What are the prime factors of j?
2, 23
Let m(v) = 14*v. Let u = -17 + 19. List the prime factors of m(u).
2, 7
Suppose 3*o = 4*o + 16. What are the prime factors of (24/o)/(6/(-32))?
2
Let v(h) = h**3 - 5*h**2 - 6*h - 1. Let p be v(6). What are the prime factors of 17 - (3 + p) - 0?
3, 5
Let n(w) = 6*w - 29. Let u(t) = -2*t + 10. Let q(h) = 3*n(h) + 8*u(h). Let i be 1/4*26*2. What are the prime factors of q(i)?
19
Suppose -4*h = -109 - 123. List the prime factors of h.
2, 29
Let o(t) = -t**2 - 10*t + 13. Let s be o(-12). Let g = 19 + s. What are the prime factors of g?
2
List the prime factors of (-21)/(-12) + (-4)/(-16).
2
Let i(f) = 3*f - 9. Let s be 8/6*(-15)/(-2). What are the prime factors of i(s)?
3, 7
Suppose -38 - 39 = -2*q + 5*p, 22 = q + 3*p. List the prime factors of q.
31
Suppose -5*b - 4*l + 36 = -3*b, 2*l + 48 = 2*b. What are the prime factors of b?
2, 11
Suppose -2*l = l. Suppose h + 3*h - 112 = l. List the prime factors of h.
2, 7
Suppose 4*s - 5*w - 41 = 0, 0 = -s + w + 2*w + 12. Let i = s + -6. List the prime factors of 1/(i/6 - 0).
2
Suppose 0 = s + p - 6*p + 1, -5*s + 3*p = -17. Suppose 0 = -s*b + 16, -2*b - 57 + 169 = 2*a. Suppose -3*n = n - a. What are the prime factors of n?
13
Let w be (1 + -1)*(1 - 2). Let q(a) = -7*a**3 + 2*a**2 - 1. Let g be q(-1). Let b = w + g. List the prime factors of b.
2
Let r = -24 - -38. Let m = r + -20. What are the prime factors of 3/m - (-9)/2?
2
Let u = 31 - 19. Let g = u - 2. List the prime factors of g.
2, 5
Suppose m + 0*m - 21 = 3*b, -b = 4*m - 6. List the prime factors of b/10 + (-226)/(-10).
2, 11
Let k = 70 - 14. What are the prime factors of k?
2, 7
Let o = -7 - -6. List the prime factors of (-2 - o)/(2/(-4)).
2
Let o = 1 + 3. Suppose 0 = t - o - 0. List the prime factors of t.
2
Suppose 3*w - 2 = 2*w. Suppose 0 = -4*a - 3*q + 18, 0 = -a - 2*q + w. What are the prime factors of a?
2, 3
Suppose 455 = 7*a - 2002. List the prime factors of a.
3, 13
Let h(q) = q**3 + 4*q**2 - q - 2. Let b be h(-4). Suppose 5*v + 3*y = 7, -17 = v - 2*y - b*y. What are the prime factors of 2 + 0 + v + 2?
3
Let q = -141 + 274. What are the prime factors of q?
7, 19
Let d = -7 - -9. Suppose -d*s + 24 = s. List the prime factors of s.
2
Let k be (5/4)/(2/48). Suppose 0 = -w - 5 + k. Suppose 5*s - 17 = -3*a, w = 3*a + 3*s + 4. What are the prime factors of a?
3
Let f(a) = -5*a**3 + 4*a**2 - 4*a - 11. What are the prime factors of f(-3)?
2, 43
Let b = -6 - 23. Suppose z - 19 - 24 = 0. Let i = b + z. List the prime factors of i.
2, 7
Suppose -4*l + 3*u = -0*u + 7, -4*l + 23 = 3*u. What are the prime factors of l?
2
Suppose 0 = 3*w - 33 - 21. What are the prime factors of w?
2, 3
Let o be 1 + (4/(-2) - -2). List the prime factors of 20 + 3 + -5 + o.
19
Let w(o) = o**3 + 10*o**2 + 4*o + 9. List the prime factors of w(-9).
2, 3
Let u(l) = 10*l**2 - l. Let z be u(1). Suppose 7 = d - z. Suppose -w + x + d = 0, -x = -2*w - 4*x + 27. List the prime factors of w.
3, 5
Let c = 12 + -8. Suppose 2*y + 0 = c. List the prime factors of y.
2
Suppose 5*z + 123 = 4*i, -5*i + 42 = 5*z - 78. List the prime factors of i.
3
What are the prime factors of 380/(-35)*(-7)/2?
2, 19
Let v(s) be the second derivative of s**5/20 - 11*s**4/12 + 3*s**3/2 + 13*s**2/2 - 2*s. What are the prime factors of v(10)?
3
Suppose -f - 8 = -2*f - 3*q, -2*f = 3*q - 22. Let s = f - 7. Let h(d) = d - 2. What are the prime factors of h(s)?
5
Suppose 5*o - 118 - 872 = -5*d, -3*o + 2*d = -584. List the prime factors of o.
2, 7
Let w(z) = 3*z + 2. Let r be w(2). Let x(c) = 3*c**2 + 10 + 8*c - c**2 - 3*c**2. List the prime factors of x(r).
2, 5
Let h = 15 + -8. Let g(y) = y**2 + 3. List the prime factors of g(h).
2, 13
List the prime factors of (-10)/2*(-1204)/35.
2, 43
Suppose 0 = -0*j - j + 6. Let p(y) = -y + 4. Let a be p(0). Let u = a + j. What are the prime factors of u?
2, 5
Let n(l) = l**2 + 4*l - 8. Suppose -q + 5*a - 11 = 0, -q = -2*q - 5*a - 1. List the prime factors of n(q).
2
Let r be 41/2 + (-8)/16. Let o = r - 11. What are the prime factors of o?
3
List the prime factors of 4/8*-4*-2.
2
Suppose -3*t = -l - 4*l - 25, 20 = 4*t - 4*l. Suppose p - 2*i = -3*i + 7, t = -4*p + 5*i + 28. What are the prime factors of p?
7
Suppose 0 = -z + 2*z - 6. Suppose q - 3*r = z*q - 75, -4*r - 92 = -4*q. What are the prime factors of q?
2, 3
Let s(b) = b**2 - 3. Let c be s(0). Let g = c - -6. Suppose j + g = 6. List the prime factors of j.
3
Let s = 2 - 0. Let o be ((-6)/(-5))/(s/5). Let f(b) = -b**3 + 4*b**2 + b - 4. What are the prime factors of f(o)?
2
Let o(k) = k**3 - 8*k**2 + 3*k - 2. Let r be o(8). List the prime factors of -4*(2 + r/(-4)).
2, 7
Suppose -4*v - 222 = -6*v. What are the prime factors of v?
3, 37
Suppose 0 = 6*l - 46 + 10. What are the prime factors of l?
2, 3
List the prime factors of 0 + 23 + 0/7.
23
Suppose 0 = -0*u + 4*u. Suppose u = -3*h - 0*r - 4*r + 3, 2*r = -4*h + 14. List the prime factors of h.
5
Let d be (-2)/1 - -1*6. Let f(l) = l**2 + l + 5. List the prime factors of f(d).
5
Let v = 4 - -4. Let a be v/(-6)*27/6. What are the prime factors of 1*(0 - 1*a)?
2, 3
Let y = 7 + 9. What are the prime factors of y?
2
Suppose 0 = -2*h + 5*s + 11, -5*s = -4*h - 0*s + 17. Let f(u) = u**2 - 3. What are the prime factors of f(h)?
2, 3
Suppose 5*x - 48 = x. Suppose -2*v - 5*n = -3*n - 60, 3*n - 58 = -2*v. Let k = v - x. List the prime factors of k.
2, 5
Let i = 317 + -188. List the prime factors of i.
3, 43
Suppose 3*o - 5*f - 5 + 1 = 0, 12 = -5*o - f. Let r(x) be the first derivative of 5*x**3/3 + x**2/2 - x - 4. What are the prime factors of r(o)?
17
Let q(u) = -14*u**3 + 7*u**2 - 6*u - 29. Let w(j) = 5*j**3 - 2*j**2 + 2*j + 10. Let b(x) = 4*q(x) + 11*w(x). Let h = 3 + 2. What are the prime factors of b(h)?
3
Suppose -169 = -v + 4*q, q - 4*q + 891 = 5*v. What are the prime factors of v?
3, 59
Let y = 12 + -6. Let b = y + -5. List the prime factors of ((-3)/2)/(b/(-2)).
3
Let p = -30 + 15. Let s = p - -31. List the prime factors of s.
2
Let w(i) = 13*i**2 + 4*i + 3. List the prime factors of w(-2).
47
Let i(m) = 3*m - 10*m - 2 - 5*m + 5. Let o be i(-6). Suppose -j - o = -6*j. List the prime factors of j.
3, 5
Suppose -6 = n + 6*f - f, 5*n + 4 = f. Let r(h) = -h**2 + 7*h - 1. L